 Give c(14).
40
Let a(p) = p**3 + 30*p**2 - 25*p + 196. Give a(-31).
10
Let d(o) = 2*o**2 - 11*o - 20. What is d(7)?
1
Let g(d) = -d**3 - 15*d**2 - 15*d - 5. Determine g(-14).
9
Let o(p) = -p**3 - 4*p**2 - 5*p. Calculate o(-5).
50
Let o(m) = -2*m**2 + 5*m + 13. Give o(-7).
-120
Let u(c) = 2*c**2 + 16*c + 9. What is u(-6)?
-15
Let c(o) = 2*o**2 - 28*o - 9. What is c(14)?
-9
Let c(l) = l**2 - 22*l - 27. Give c(21).
-48
Let v(i) = -i**3 - 9*i**2 - 7*i + 14. What is v(-8)?
6
Let d(q) = -16*q + 44. What is d(14)?
-180
Let j(p) = 5*p - 30. Give j(7).
5
Let p(h) = 2*h**3 - 8*h**2 - 11*h + 20. What is p(5)?
15
Let i(p) = -2*p**2 - 16*p + 3. Determine i(-12).
-93
Let z(g) = -5*g - 10. Determine z(-8).
30
Let r(z) = -z**3 - 6*z**2 - 6*z - 4. Give r(-5).
1
Let q(x) = 4*x + 53. What is q(-11)?
9
Let c(b) = -b**3 + 3*b**2 + 3*b + 1. Give c(4).
-3
Let f(a) = 5*a - 3. Calculate f(7).
32
Let z(c) = -c**3 - 13*c**2 - 18*c - 62. What is z(-12)?
10
Let l(d) = -4*d - 1. What is l(-4)?
15
Let y(o) = o**3 + 9*o**2 + 13. What is y(-9)?
13
Let g(d) = d**2 - 17*d + 17. Give g(7).
-53
Let u(h) = 2*h**2 - 4*h. What is u(3)?
6
Let f(g) = g + 9. Give f(4).
13
Let b(o) = 10*o + 156. Give b(-16).
-4
Let q(p) = -4*p + 3. Give q(-2).
11
Let s(i) = -i - 15. Give s(-6).
-9
Let t(l) = -7*l + 41. Calculate t(6).
-1
Let a(z) = -z**2 - 2*z + 2. Calculate a(2).
-6
Let z(q) = q**2 + q - 2. Calculate z(7).
54
Let t(g) = -2*g**2 + g - 3. Determine t(-4).
-39
Let m(h) = -h**2 - 9*h - 17. Calculate m(-5).
3
Let n(x) = 2*x - 14. Determine n(10).
6
Let g(f) = -21*f. Give g(-2).
42
Let a(i) = i**2 - i + 1. What is a(1)?
1
Let m(v) = v**2 - 16*v - 12. Determine m(6).
-72
Let z(i) = 5*i + 3. Give z(-14).
-67
Let r(w) = -4*w**2 + 15*w - 5. Determine r(4).
-9
Let q(n) = 2*n**2 + 14*n + 47. What is q(-3)?
23
Let k(q) = -3*q + 86. Determine k(0).
86
Let p(k) = k**3 - 26*k**2 - 31*k + 106. What is p(27)?
-2
Let d(x) = 15*x + 51. Give d(-5).
-24
Let x(k) = 3*k**2 + k. Calculate x(-2).
10
Let a(d) = -d**3 + 6*d**2 - 2*d + 7. Give a(5).
22
Let i(f) = -f**3 - 18*f**2 - 13. Determine i(-18).
-13
Let q(i) = i**3 + 3*i**2 + 6*i + 5. Give q(-2).
-3
Let v(j) = -3*j**3 + 8*j**2 - j + 2. Give v(2).
8
Let s(u) = -2*u - 3. Give s(-1).
-1
Let j(v) = -v**2 - 43*v - 378. Calculate j(-31).
-6
Let z(k) = k**3 - 33*k**2 - 37*k + 108. What is z(34)?
6
Let k(z) = -z**3 - z**2 - z + 2. Determine k(-2).
8
Let a(c) = 6*c**3 - 1. Give a(-1).
-7
Let q(t) = -t**3 + 20*t**2 - t + 27. Give q(20).
7
Let m(a) = a**3 - 9*a**2 - 7*a + 6. Give m(10).
36
Let y(k) = k**3 + 12*k**2 + 10*k - 13. Determine y(-11).
-2
Let n(r) = 5*r - 24. Calculate n(-14).
-94
Let a(w) = w**3 + 8*w**2 - 3*w - 11. What is a(-8)?
13
Let s(o) = -2*o + 13. What is s(14)?
-15
Let a(s) = -s**3 + 6*s**2 + 48*s + 72. Determine a(11).
-5
Let f(p) = 4*p**3 + 2*p**2 - 2*p + 6. Give f(-3).
-78
Let z(l) = -l**3 - 24*l**2 + 25*l + 19. Give z(-25).
19
Let l(d) = 2*d**2 + 8*d + 9. Calculate l(-6).
33
Let a(y) = -4*y - 158. Give a(-20).
-78
Let i(j) = 6*j + 2. Calculate i(-3).
-16
Let w(q) = q**2 - 19*q - 19. Give w(15).
-79
Let b(d) = -d**3 - 8*d**2 - 5*d - 5. Determine b(-7).
-19
Let v(d) = 14*d + 16. Determine v(3).
58
Let y(u) = u**2 + 11*u - 31. What is y(-10)?
-41
Let x(h) = 2*h**2 - 24*h + 6. Give x(0).
6
Let z(j) = -j + 7. Give z(2).
5
Let l(s) = -s**3 - s**2 - s + 6. Give l(-3).
27
Let h(q) = -q**3 + 25*q - 3. Calculate h(-5).
-3
Let u(o) = -o**2 - 2*o + 10. What is u(3)?
-5
Let l(v) = v**3. Give l(1).
1
Let z(b) = -4*b + 29. Determine z(5).
9
Let l(h) = -h - 7. What is l(-4)?
-3
Let z(k) = 2*k**3 - 3*k**2 - 12*k + 27. Give z(4).
59
Let i(y) = -9*y + 6. Give i(2).
-12
Let u(q) = -q**3 + 4*q**2 - 12*q + 42. Calculate u(4).
-6
Let a(f) = 5*f**2 - 12*f + 13. Determine a(2).
9
Let a(m) = m + 5. Calculate a(16).
21
Let p(j) = j**2 + 5*j - 26. Calculate p(-8).
-2
Let p(d) = -d**3 + 13*d**2 + 11*d - 18. Calculate p(14).
-60
Let c(y) = -y**3 + 21*y**2 + 23*y - 21. Give c(22).
1
Let u(p) = -17*p + 292. What is u(16)?
20
Let v(w) = 5*w**2 - w + 1. What is v(1)?
5
Let z(a) = a**3 - 2*a**2 - 4*a + 2. What is z(3)?
-1
Let i(x) = -2*x**2 - 4*x - 2. Calculate i(4).
-50
Let y(r) = r + 4. Give y(-6).
-2
Let d(x) = -17*x**2 + 3*x + 1. Give d(1).
-13
Let s(i) = 2*i**2 + 17*i + 4. Calculate s(-8).
-4
Let v(w) = -w**3 - 17*w**2 - 2*w - 19. Determine v(-17).
15
Let k(q) = -2*q**3 + 7*q**2 + 11*q - 30. What is k(4)?
-2
Let u(z) = -15*z - 268. What is u(-18)?
2
Let q(v) = v**2 - 4*v + 2. Give q(1).
-1
Let u(v) = -v**2 + 4*v - 5. Calculate u(4).
-5
Let g(r) = r**3 + 7*r**2 + 3*r - 9. Calculate g(-6).
9
Let z(d) = 2*d**2 + d - 5. Calculate z(3).
16
Let t(i) = -26*i + 181. What is t(8)?
-27
Let g(c) = c**2 - c + 4. Calculate g(2).
6
Let s(n) = 10*n - 120. Determine s(11).
-10
Let v(j) = j**2 - 12*j - 3. Determine v(7).
-38
Let c(q) = -q**2 - 29*q - 89. Give c(-26).
-11
Let d(n) = -n**3 + 8*n**2 - 5*n + 10. Calculate d(7).
24
Let x(h) = -80*h**2 + h. What is x(-1)?
-81
Let n(s) = -3*s. Determine n(-5).
15
Let j(z) = -2*z**3 + 6*z**2 - 3*z + 9. Give j(3).
0
Let w(r) = -3*r - 7. Give w(7).
-28
Let y(u) = u**3 + 19*u**2 - 7*u - 42. Determine y(-19).
91
Let r(z) = 30*z - 17. Determine r(1).
13
Let n(p) = -p**3 - 8*p**2 + p - 2. Determine n(-8).
-10
Let u(q) = q**3 - 5*q**2 - 19*q + 31. Calculate u(7).
-4
Let l(i) = i**2 - 13*i - 5. Calculate l(12).
-17
Let j(r) = -r**2 + r - 9. Calculate j(0).
-9
Let r(v) = 2*v**2 + 9*v. Give r(-4).
-4
Let w(h) = -10*h**2 + 13*h. Determine w(3).
-51
Let q(v) = v - 8. What is q(5)?
-3
Let y(o) = 2*o + 11. What is y(-9)?
-7
Let o(f) = f**3 - 2*f**2 - 8*f - 2. Determine o(6).
94
Let j(n) = n**2 - 26*n + 33. Give j(25).
8
Let y(q) = 2*q - 38. Determine y(18).
-2
Let b(j) = j**3 - 5*j**2 - 8*j + 9. Give b(6).
-3
Let q(d) = 5*d + 6. Calculate q(-3).
-9
Let s(d) = d**2 + 23*d + 4. Calculate s(-24).
28
Let h(u) = u**2 + 7*u + 5. Calculate h(-9).
23
Let o(k) = 5*k + 2. What is o(-2)?
-8
Let q(x) = 11*x - 587. Give q(55).
18
Let y(i) = -20*i - 2. Give y(3).
-62
Let k(n) = 129*n**2 - 2. Determine k(1).
127
Let m(q) = q**3 - 8*q**2 + 8*q - 10. Calculate m(8).
54
Let y(a) = -a**3 - 13*a**2 - 6*a - 71. Give y(-13).
7
Let y(v) = 10*v + 174. Determine y(-17).
4
Let c(b) = 6*b**2 + b + 2. What is c(-2)?
24
Let j(z) = -17*z + 1. Calculate j(3).
-50
Let r(d) = -d**2 - 9*d - 22. Calculate r(-12).
-58
Let j(d) = d**3 + 17*d**2 - 2*d - 26. Determine j(-17).
8
Let c(l) = -l**3 + 10*l**2 + 6*l + 51. Determine c(11).
-4
Let f(k) = -k**3 - 3*k**2 - 5*k - 4. What is f(-3)?
11
Let b(z) = 2*z**2 - 20*z - 15. Calculate b(11).
7
Let u(r) = 2*r**2 + 18*r - 12. Determine u(-10).
8
Let v(f) = 9*f**2 - 30*f + 9. Give v(3).
0
Let x(o) = -11*o + 28. Give x(3).
-5
Let q(c) = -6*c**3 - 4*c**2 - 2*c. Give q(-2).
36
Let l(f) = -3*f**2 - 32*f - 67. Determine l(-8).
-3
Let g(y) = -201*y**3 + y**2 + 2*y - 2. What is g(1)?
-200
Let l(k) = -2*k**3 - 7*k**2 - k - 6. Calculate l(-5).
74
Let z(r) = -r**3 + 5*r**2 - 2*r - 5. Determine z(5).
-15
Let v(q) = -q**2 + 4*q - 3. Determine v(3).
0
Let s(q) = q**3 - 5*q**2 - 4*q + 9. Determine s(6).
21
Let y(m) = m**3 - 11*m**2 + 3*m - 16. Give y(11).
17
Let g(s) = s**3 - 6*s**2 + 2. Give g(6).
2
Let j(i) = 3*i**3 - 156*i**2 + i - 57. What is j(52)?
-5
Let v(y) = -5*y + 83. Calculate v(19).
-12
Let r(y) = -7*y - 2. What is r(5)?
-37
Let a(u) = 14*u + 4. Determine a(3).
46
Let q(r) = -8*r**3 - r**2 - 2*r - 1. What is q(2)?
-73
Let f(a) = -a**2 + 5*a + 10. Determine f(6).
4
Let n(z) = z**2 - 18*z + 83. Determine n(7).
6
Let l(m) = -m**2 - 10*m - 7. What is l(-7)?
14
Let s(u) = -u - 14. Calculate s(-7).
-7
Let h(l) = -l - 13. Determine h(8).
-21
Let v(f) = -14*f - 51. Determine v(-6).
33
Let y(b) = 6*b + 2. Calculate y(-2).
-10
Let m(c) = -c**2 + 35*c - 240. What is m(25)?
10
Let u(w) = -28*w - 2. Calculate u(3).
-86
Let z(x) = -x**2 - 34*x - 67. What is z(-2)?
-3
Let h(w) = -w - 6. What is h(-12)?
6
Let b(j) = -j**3 + 29*j**2 + 94*j + 54. Give b(32).
-10
Let d(p) = -12*p**2 - 37*p - 1. Determine d(-3).
2
Let b(l) = 2*l**3 + 2*l**2 - 2*l + 1. Give b(2).
21
Let s(f) = f**3 + 9*f**2 - 15*f - 124. Determine s(-9).
11
Let j(o) = 3*o - 3. Determine j(11).
30
Let u(n) = -4*n**3 + 4*n**2 - n - 2. What is u(2)?
-20
Let k(b) = -2*b - 5. Calculate k(-4).
3
Let k(j) = -2*j**3